{"id":737,"date":"2026-01-13T16:12:19","date_gmt":"2026-01-13T16:12:19","guid":{"rendered":"https:\/\/mathforteens.pt\/?post_type=product&#038;p=737"},"modified":"2026-02-01T00:03:19","modified_gmt":"2026-02-01T00:03:19","slug":"aula-14","status":"publish","type":"product","link":"https:\/\/mathforteens.pt\/?product=aula-14","title":{"rendered":"AULA 14"},"content":{"rendered":"","protected":false},"excerpt":{"rendered":"<div>\n<div>\n<div>\n<p>AULA 14 | FUN\u00c7\u00d5ES: QUADR\u00c1TICA + PROP. INVERSA<\/p>\n<\/div>\n<div>\n<p><strong>13\/06 | 10h<\/strong><\/p>\n<div>\n<div>\n<div>\n<p>Dura\u00e7\u00e3o: 1h30<\/p>\n<\/div>\n<div>\n<p>Valor: 18 euros<\/p>\n<\/div>\n<\/div>\n<\/div>\n<\/div>\n<\/div>\n<\/div>\n","protected":false},"featured_media":714,"comment_status":"open","ping_status":"closed","template":"","meta":[],"product_brand":[],"product_cat":[32],"product_tag":[],"class_list":{"0":"post-737","1":"product","2":"type-product","3":"status-publish","4":"has-post-thumbnail","6":"product_cat-vemexame-2026-matematica","8":"first","9":"instock","10":"downloadable","11":"shipping-taxable","12":"purchasable","13":"product-type-simple"},"jetpack_sharing_enabled":true,"_links":{"self":[{"href":"https:\/\/mathforteens.pt\/index.php?rest_route=\/wp\/v2\/product\/737","targetHints":{"allow":["GET"]}}],"collection":[{"href":"https:\/\/mathforteens.pt\/index.php?rest_route=\/wp\/v2\/product"}],"about":[{"href":"https:\/\/mathforteens.pt\/index.php?rest_route=\/wp\/v2\/types\/product"}],"replies":[{"embeddable":true,"href":"https:\/\/mathforteens.pt\/index.php?rest_route=%2Fwp%2Fv2%2Fcomments&post=737"}],"wp:featuredmedia":[{"embeddable":true,"href":"https:\/\/mathforteens.pt\/index.php?rest_route=\/wp\/v2\/media\/714"}],"wp:attachment":[{"href":"https:\/\/mathforteens.pt\/index.php?rest_route=%2Fwp%2Fv2%2Fmedia&parent=737"}],"wp:term":[{"taxonomy":"product_brand","embeddable":true,"href":"https:\/\/mathforteens.pt\/index.php?rest_route=%2Fwp%2Fv2%2Fproduct_brand&post=737"},{"taxonomy":"product_cat","embeddable":true,"href":"https:\/\/mathforteens.pt\/index.php?rest_route=%2Fwp%2Fv2%2Fproduct_cat&post=737"},{"taxonomy":"product_tag","embeddable":true,"href":"https:\/\/mathforteens.pt\/index.php?rest_route=%2Fwp%2Fv2%2Fproduct_tag&post=737"}],"curies":[{"name":"wp","href":"https:\/\/api.w.org\/{rel}","templated":true}]}}